{"id":1668,"date":"2020-09-29T17:46:37","date_gmt":"2020-09-29T17:46:37","guid":{"rendered":"https:\/\/www.panetta-id.de\/?page_id=1668"},"modified":"2020-10-07T17:40:11","modified_gmt":"2020-10-07T17:40:11","slug":"dokumentation","status":"publish","type":"page","link":"https:\/\/www.panetta-id.de\/index.php\/dokumentation\/","title":{"rendered":"Dokumentation"},"content":{"rendered":"<div class=\"post-content\">\n<h2 class=\"wp-block-heading\">Dokumentation<\/h2>\n\n\n\n<div id=\"rise-blocks-section-block-instance-0-ee6b04-afd-a71-ff6c-24b723dccb2\" class=\"wp-block-rise-blocks-section\"><div class=\"rise-blocks-full-width rise-blocks-section-wrapper\"><div class=\"rise-blocks-section-inner\">\n<p class=\"has-black-color has-text-color has-medium-font-size\">Eine aktuelle Dokumentation ist von essentieller Wichtigkeit!<\/p>\n\n\n\n<p class=\"has-black-color has-text-color has-medium-font-size\">Sowohl f\u00fcr den &#8222;Ernstfall&#8220; &#8211; wenn Support und Hilfe einmal unumg\u00e4nglich sind, als auch f\u00fcr die Erweiterung der bestehenden IT-Infrastruktur.<\/p>\n\n\n\n<p class=\"has-black-color has-text-color has-medium-font-size\">Mit einer guten und vollst\u00e4ndigen Dokumentation behalten Sie stets den \u00dcberblick \u00fcber Ihre IT, egal ob Hard- oder Software.<strong><br><\/strong>Dies macht es nicht nur einfacher den \u00dcberblick \u00fcber bereits vorhandenes zu behalten und so die Planung zur Erweiterung effizienter zu gestalten, sondern auch Ablaufdaten von Softwarelizenzen im Blick zu behalten, Zugangsdaten zu sammeln und Ansprechpartner schnell und unkompliziert aufzufinden.<\/p>\n\n\n\n<div class=\"wp-block-media-text alignwide has-media-on-the-right is-stacked-on-mobile\"><figure class=\"wp-block-media-text__media\"><img decoding=\"async\" loading=\"lazy\" width=\"724\" height=\"1024\" src=\"https:\/\/www.panetta-id.de\/wp-content\/uploads\/2020\/10\/documentation-724x1024.png\" alt=\"\" class=\"wp-image-1883\" srcset=\"https:\/\/www.panetta-id.de\/wp-content\/uploads\/2020\/10\/documentation-724x1024.png 724w, https:\/\/www.panetta-id.de\/wp-content\/uploads\/2020\/10\/documentation-212x300.png 212w, https:\/\/www.panetta-id.de\/wp-content\/uploads\/2020\/10\/documentation-768x1087.png 768w, https:\/\/www.panetta-id.de\/wp-content\/uploads\/2020\/10\/documentation.png 826w\" sizes=\"(max-width: 724px) 100vw, 724px\" \/><\/figure><div class=\"wp-block-media-text__content\">\n<p class=\"has-black-color has-text-color has-large-font-size\"><strong>Sowohl schriftlich&#8230;<\/strong><\/p>\n<\/div><\/div>\n\n\n\n<div class=\"wp-block-media-text alignwide is-stacked-on-mobile\"><figure class=\"wp-block-media-text__media\"><img decoding=\"async\" loading=\"lazy\" width=\"1011\" height=\"536\" src=\"https:\/\/www.panetta-id.de\/wp-content\/uploads\/2020\/10\/diagramm2.png\" alt=\"\" class=\"wp-image-1884\" srcset=\"https:\/\/www.panetta-id.de\/wp-content\/uploads\/2020\/10\/diagramm2.png 1011w, https:\/\/www.panetta-id.de\/wp-content\/uploads\/2020\/10\/diagramm2-300x159.png 300w, https:\/\/www.panetta-id.de\/wp-content\/uploads\/2020\/10\/diagramm2-768x407.png 768w\" sizes=\"(max-width: 1011px) 100vw, 1011px\" \/><\/figure><div class=\"wp-block-media-text__content\">\n<p class=\"has-black-color has-text-color has-large-font-size\"><strong>&#8230; als auch graphisch<\/strong><\/p>\n<\/div><\/div>\n<\/div><\/div><\/div>\n\n\n\n<p><\/p>\n<\/div>","protected":false},"excerpt":{"rendered":"<div class=\"entry-content-stat post-content\"><p>Dokumentation<\/p>\n<\/div>","protected":false},"author":1,"featured_media":0,"parent":0,"menu_order":0,"comment_status":"closed","ping_status":"closed","template":"","meta":[],"rise-blocks_excerpt":"Dokumentation","_links":{"self":[{"href":"https:\/\/www.panetta-id.de\/index.php\/wp-json\/wp\/v2\/pages\/1668"}],"collection":[{"href":"https:\/\/www.panetta-id.de\/index.php\/wp-json\/wp\/v2\/pages"}],"about":[{"href":"https:\/\/www.panetta-id.de\/index.php\/wp-json\/wp\/v2\/types\/page"}],"author":[{"embeddable":true,"href":"https:\/\/www.panetta-id.de\/index.php\/wp-json\/wp\/v2\/users\/1"}],"replies":[{"embeddable":true,"href":"https:\/\/www.panetta-id.de\/index.php\/wp-json\/wp\/v2\/comments?post=1668"}],"version-history":[{"count":22,"href":"https:\/\/www.panetta-id.de\/index.php\/wp-json\/wp\/v2\/pages\/1668\/revisions"}],"predecessor-version":[{"id":1989,"href":"https:\/\/www.panetta-id.de\/index.php\/wp-json\/wp\/v2\/pages\/1668\/revisions\/1989"}],"wp:attachment":[{"href":"https:\/\/www.panetta-id.de\/index.php\/wp-json\/wp\/v2\/media?parent=1668"}],"curies":[{"name":"wp","href":"https:\/\/api.w.org\/{rel}","templated":true}]}}