{"id":355,"date":"2016-09-24T14:40:14","date_gmt":"2016-09-24T14:40:14","guid":{"rendered":"http:\/\/fitness2.mythemecloud.io\/?page_id=355"},"modified":"2020-10-21T17:15:52","modified_gmt":"2020-10-21T17:15:52","slug":"home","status":"publish","type":"page","link":"https:\/\/www.panetta-id.de\/","title":{"rendered":"Home"},"content":{"rendered":"<div class=\"post-content\">\n<div id=\"rise-blocks-section-block-instance-0-321a46-ec0f-a7d-210d-e08a07b8f0\" class=\"wp-block-rise-blocks-section\"><div class=\"rise-blocks-full-width rise-blocks-section-wrapper\"><div class=\"rise-blocks-section-overlay\"><\/div><div class=\"rise-blocks-section-inner\">\n<p><\/p>\n\n\n\n<h2 class=\"wp-block-heading\"><\/h2>\n\n\n\n<p><\/p>\n<\/div><\/div><\/div>\n\n\n\n<div id=\"rise-blocks-section-block-instance-1-06bd65-846-8481-6441-b16cad820ef\" class=\"wp-block-rise-blocks-section\"><div class=\"rise-blocks-full-width rise-blocks-section-wrapper\"><div class=\"rise-blocks-section-shape bottom vertically-flipped\"><svg style=\"width:100%\" viewbox=\"0 0 1920 105\" xmlns=\"http:\/\/www.w3.org\/2000\/svg\" preserveaspectratio=\"none\" class=\"divider--hills\" role=\"img\" aria-hidden=\"true\"><g fillrule=\"evenodd\" transform=\"matrix(1 0 0 -1 0 105)\"><path d=\"m1920 14.8827052c-116.23325 0-224.05162 88.3906828-395.09265 88.3906828-160.92196 0-254.53172-83.4344997-444.90735-83.4344997-154.297581 0-240.095847 39.6344097-367.66819 39.6344097-154.121863 0-198.902329-36.1223133-349.458242-36.1223133-144.878137 0-241.175717 80.8685493-362.873568 80.8685493 0-34.0793243 0-68.1494291 0-102.219534h1920z\"><\/path><path d=\"m1920 14.6612844c-116.11434 0-223.9659 88.8291396-395.06196 88.8291396-160.92415 0-254.54487-83.7874573-444.93804-83.7874573-154.317311 0-240.088941 39.8974838-367.565152 39.8974838-154.034172 0-198.792715-36.4840402-349.164477-36.4840402-144.965828 0-241.283139 81.1250467-363.270371 81.1250467 0-34.7474052 0-69.4948104 0-104.241457h1920z\"><\/path><\/g><\/svg><\/div><div class=\"rise-blocks-section-overlay\"><\/div><div class=\"rise-blocks-section-inner\">\n<h3 class=\"has-white-color has-text-color wp-block-heading\">&#8222;Qualit\u00e4t ist kein Zufall; sie ist immer das Ergebnis angestrengten Denkens.&#8220;<\/h3>\n\n\n\n<h6 class=\"has-white-color has-text-color wp-block-heading\">&#8211; <em>John Ruskin<\/em><\/h6>\n<\/div><\/div><\/div>\n\n\n\n<div id=\"rise-blocks-section-block-instance-2-d404a78-85-22dd-2146-f02aa013007\" class=\"wp-block-rise-blocks-section\"><div class=\"rise-blocks-full-width rise-blocks-section-wrapper\"><div class=\"rise-blocks-section-overlay\"><\/div><div class=\"rise-blocks-section-inner\">\n<p class=\"has-black-color has-text-color\"><strong>Nicht nur verkaufen und neu einrichten um jeden Preis! &#8211; Geschwindigkeit im Support, Flexibilit\u00e4t und kundenspezifische L\u00f6sungen sind unsere Spezialit\u00e4t.<\/strong><\/p>\n\n\n\n<p class=\"has-black-color has-text-color\"><strong>Egal ob Client-Server-Systeme, Unterhaltungselektronik oder Mobilfunk. Die Vernetzung nimmt immer weiter zu und bietet sowohl Chancen als auch Risiken.<\/strong><\/p>\n\n\n\n<p class=\"has-black-color has-text-color\"><strong>Wir beraten und begleiten Sie gerne in allen Fragen und W\u00fcnschen rund um Ihre IT und bieten Ihnen schnelle Hilfe im Supportfall &#8211; pers\u00f6nlich vor Ort, oder per Fernwartung.<\/strong><\/p>\n\n\n\n<p class=\"has-black-color has-text-color\"><strong>Werden Sie flexibel &#8211; wir sind es auch!<\/strong><\/p>\n<\/div><\/div><\/div>\n\n\n\n<div id=\"rise-blocks-section-block-instance-3-4160463-0c2-078c-85a1-7be20a16336c\" class=\"wp-block-rise-blocks-section\"><div class=\"rise-blocks-full-width rise-blocks-section-wrapper\"><div class=\"rise-blocks-section-overlay\"><\/div><div class=\"rise-blocks-section-inner\"><\/div><\/div><\/div>\n<\/div>","protected":false},"excerpt":{"rendered":"<div class=\"entry-content-stat post-content\"><\/div>","protected":false},"author":1,"featured_media":0,"parent":0,"menu_order":0,"comment_status":"closed","ping_status":"closed","template":"page-templates\/full-width.php","meta":[],"rise-blocks_excerpt":"","_links":{"self":[{"href":"https:\/\/www.panetta-id.de\/index.php\/wp-json\/wp\/v2\/pages\/355"}],"collection":[{"href":"https:\/\/www.panetta-id.de\/index.php\/wp-json\/wp\/v2\/pages"}],"about":[{"href":"https:\/\/www.panetta-id.de\/index.php\/wp-json\/wp\/v2\/types\/page"}],"author":[{"embeddable":true,"href":"https:\/\/www.panetta-id.de\/index.php\/wp-json\/wp\/v2\/users\/1"}],"replies":[{"embeddable":true,"href":"https:\/\/www.panetta-id.de\/index.php\/wp-json\/wp\/v2\/comments?post=355"}],"version-history":[{"count":64,"href":"https:\/\/www.panetta-id.de\/index.php\/wp-json\/wp\/v2\/pages\/355\/revisions"}],"predecessor-version":[{"id":2035,"href":"https:\/\/www.panetta-id.de\/index.php\/wp-json\/wp\/v2\/pages\/355\/revisions\/2035"}],"wp:attachment":[{"href":"https:\/\/www.panetta-id.de\/index.php\/wp-json\/wp\/v2\/media?parent=355"}],"curies":[{"name":"wp","href":"https:\/\/api.w.org\/{rel}","templated":true}]}}